{"id":737,"date":"2022-01-28T12:02:17","date_gmt":"2022-01-28T14:02:17","guid":{"rendered":"https:\/\/172.16.5.5\/?page_id=737"},"modified":"2022-05-09T17:51:18","modified_gmt":"2022-05-09T20:51:18","slug":"qualidade-de-vida","status":"publish","type":"page","link":"https:\/\/www.alemdaaltura.com.br\/programasomar\/qualidade-de-vida\/","title":{"rendered":"Qualidade de vida"},"content":{"rendered":"<div id=\"pl-737\"  class=\"panel-layout\" ><div id=\"pg-737-0\"  class=\"panel-grid panel-no-style\" ><div id=\"pgc-737-0-0\"  class=\"panel-grid-cell\" ><div id=\"panel-737-0-0-0\" class=\"so-panel widget widget_themegrill_flash_blog tg-widget blog-section panel-first-child panel-last-child\" data-index=\"0\" >\n<!-- Layout 3 - Dicas -->\n\n<!-- FIM Layout 3 - Dicas -->\n\n<!-- Layout 4 - Fatos -->\n\n<!-- FIM Layout 4 - Fatos -->\n\n<!-- Layout 5 - Mito ou Verdade -->\n\n<!-- FIM Layout 5 - Mito ou Verdade -->\n\n\n\n<!-- Layout 1 e 2 - regular -->\n\n<div class=\"blog-wrapper tg-column-wrapper tg-blog-widget-layout-2alt\">\n\t\t<div class=\"tg-blog-widget tg-column-3\">\n\t\t\t\t<div class=\"post-image \">\n\t\t\t<figure><a href=\"https:\/\/www.alemdaaltura.com.br\/programasomar\/dicas\/dicas-para-um-desenvolvimento-saudavel\/\" title=\"Dicas para um desenvolvimento saud\u00e1vel\"><img loading=\"lazy\" decoding=\"async\" width=\"370\" height=\"270\" src=\"https:\/\/www.alemdaaltura.com.br\/programasomar\/wp-content\/uploads\/2022\/02\/dicas-desenvolvimento2-370x270.jpg\" class=\"attachment-flash-grid size-flash-grid wp-post-image\" alt=\"\" \/><\/a><\/figure>\t\t<\/div>\n\t\t<div class=\"blog-content item\">\n\t\t\t<h3 class=\"entry-title\"><a href=\"https:\/\/www.alemdaaltura.com.br\/programasomar\/dicas\/dicas-para-um-desenvolvimento-saudavel\/\">Dicas para um desenvolvimento saud\u00e1vel<\/a><\/h3>\n\t\t\t\t\t\t<div class=\"entry-summary\">\n\t\t\t\t<p>Ser fisicamente ativo todos os dias \u00e9 importante para a promo\u00e7\u00e3o da sa\u00fade integral de crian\u00e7as e adolescentes. \u00c9 fundamental [&hellip;]<\/p>\n\t\t\t<\/div>\n\t\t\t\t\t\t<div class=\"read-more-container\">\n\t\t\t\t<div class=\"read-more\">\n\t\t\t\t\t<a href=\"https:\/\/www.alemdaaltura.com.br\/programasomar\/dicas\/dicas-para-um-desenvolvimento-saudavel\/\">continuar a leitura<\/a>\n\t\t\t\t<\/div>\n\t\t\t<\/div>\n\t\t\t\t\t<\/div>\n\t<\/div>\n\t\t<div class=\"tg-blog-widget tg-column-3\">\n\t\t\t\t<div class=\"post-image \">\n\t\t\t<figure><a href=\"https:\/\/www.alemdaaltura.com.br\/programasomar\/dicas\/dicas-para-uma-alimentacao-saudavel\/\" title=\"Dicas para uma alimenta\u00e7\u00e3o saud\u00e1vel\"><img loading=\"lazy\" decoding=\"async\" width=\"370\" height=\"270\" src=\"https:\/\/www.alemdaaltura.com.br\/programasomar\/wp-content\/uploads\/2022\/01\/dica-alimentacao-370x270.jpg\" class=\"attachment-flash-grid size-flash-grid wp-post-image\" alt=\"\" \/><\/a><\/figure>\t\t<\/div>\n\t\t<div class=\"blog-content item\">\n\t\t\t<h3 class=\"entry-title\"><a href=\"https:\/\/www.alemdaaltura.com.br\/programasomar\/dicas\/dicas-para-uma-alimentacao-saudavel\/\">Dicas para uma alimenta\u00e7\u00e3o saud\u00e1vel<\/a><\/h3>\n\t\t\t\t\t\t<div class=\"entry-summary\">\n\t\t\t\t<p>O Somar traz dicas para ajudar seu filho a ter uma alimenta\u00e7\u00e3o mais saud\u00e1vel, fundamental para garantir a sa\u00fade e [&hellip;]<\/p>\n\t\t\t<\/div>\n\t\t\t\t\t\t<div class=\"read-more-container\">\n\t\t\t\t<div class=\"read-more\">\n\t\t\t\t\t<a href=\"https:\/\/www.alemdaaltura.com.br\/programasomar\/dicas\/dicas-para-uma-alimentacao-saudavel\/\">continuar a leitura<\/a>\n\t\t\t\t<\/div>\n\t\t\t<\/div>\n\t\t\t\t\t<\/div>\n\t<\/div>\n\t\t<div class=\"tg-blog-widget tg-column-3\">\n\t\t\t\t<div class=\"post-image \">\n\t\t\t<figure><a href=\"https:\/\/www.alemdaaltura.com.br\/programasomar\/dicas\/dicas-de-atividades-com-as-criancas\/\" title=\"Dicas de atividades com as crian\u00e7as\"><img loading=\"lazy\" decoding=\"async\" width=\"370\" height=\"270\" src=\"https:\/\/www.alemdaaltura.com.br\/programasomar\/wp-content\/uploads\/2022\/01\/dica-atividades-370x270.jpg\" class=\"attachment-flash-grid size-flash-grid wp-post-image\" alt=\"\" \/><\/a><\/figure>\t\t<\/div>\n\t\t<div class=\"blog-content item\">\n\t\t\t<h3 class=\"entry-title\"><a href=\"https:\/\/www.alemdaaltura.com.br\/programasomar\/dicas\/dicas-de-atividades-com-as-criancas\/\">Dicas de atividades com as crian\u00e7as<\/a><\/h3>\n\t\t\t\t\t\t<div class=\"entry-summary\">\n\t\t\t\t<p>Segundo a OMS (Organiza\u00e7\u00e3o Mundial da Sa\u00fade) crian\u00e7as e adolescentes (5 anos a 17 anos) devem fazer pelo menos 1 [&hellip;]<\/p>\n\t\t\t<\/div>\n\t\t\t\t\t\t<div class=\"read-more-container\">\n\t\t\t\t<div class=\"read-more\">\n\t\t\t\t\t<a href=\"https:\/\/www.alemdaaltura.com.br\/programasomar\/dicas\/dicas-de-atividades-com-as-criancas\/\">continuar a leitura<\/a>\n\t\t\t\t<\/div>\n\t\t\t<\/div>\n\t\t\t\t\t<\/div>\n\t<\/div>\n\t<\/div><!-- .blog-wrapper -->\n\n<!-- FIM Layout 1 e 2 - regular -->\n\n<\/div><\/div><\/div><\/div>","protected":false},"excerpt":{"rendered":"<p>Segundo a OMS (Organiza\u00e7\u00e3o Mundial da Sa\u00fade) crian\u00e7as e adolescentes (5 anos a 17 anos) devem fazer pelo menos 1 [&hellip;]<\/p>\n","protected":false},"author":250,"featured_media":0,"parent":0,"menu_order":0,"comment_status":"closed","ping_status":"closed","template":"","meta":{"footnotes":""},"class_list":["post-737","page","type-page","status-publish","hentry"],"_links":{"self":[{"href":"https:\/\/www.alemdaaltura.com.br\/programasomar\/wp-json\/wp\/v2\/pages\/737"}],"collection":[{"href":"https:\/\/www.alemdaaltura.com.br\/programasomar\/wp-json\/wp\/v2\/pages"}],"about":[{"href":"https:\/\/www.alemdaaltura.com.br\/programasomar\/wp-json\/wp\/v2\/types\/page"}],"author":[{"embeddable":true,"href":"https:\/\/www.alemdaaltura.com.br\/programasomar\/wp-json\/wp\/v2\/users\/250"}],"replies":[{"embeddable":true,"href":"https:\/\/www.alemdaaltura.com.br\/programasomar\/wp-json\/wp\/v2\/comments?post=737"}],"version-history":[{"count":0,"href":"https:\/\/www.alemdaaltura.com.br\/programasomar\/wp-json\/wp\/v2\/pages\/737\/revisions"}],"wp:attachment":[{"href":"https:\/\/www.alemdaaltura.com.br\/programasomar\/wp-json\/wp\/v2\/media?parent=737"}],"curies":[{"name":"wp","href":"https:\/\/api.w.org\/{rel}","templated":true}]}}

<div id="pl-737"  class="panel-layout" ><div id="pg-737-0"  class="panel-grid panel-no-style" ><div id="pgc-737-0-0"  class="panel-grid-cell" ><div id="panel-737-0-0-0" class="so-panel widget widget_themegrill_flash_blog tg-widget blog-section panel-first-child panel-last-child" data-index="0" >
<!-- Layout 3 - Dicas -->

<!-- FIM Layout 3 - Dicas -->

<!-- Layout 4 - Fatos -->

<!-- FIM Layout 4 - Fatos -->

<!-- Layout 5 - Mito ou Verdade -->

<!-- FIM Layout 5 - Mito ou Verdade -->



<!-- Layout 1 e 2 - regular -->

<div class="blog-wrapper tg-column-wrapper tg-blog-widget-layout-2alt">
		<div class="tg-blog-widget tg-column-3">
				<div class="post-image ">
			<figure><a href="https://www.alemdaaltura.com.br/programasomar/dicas/dicas-para-um-desenvolvimento-saudavel/" title="Dicas para um desenvolvimento saudável"><img loading="lazy" decoding="async" width="370" height="270" src="https://www.alemdaaltura.com.br/programasomar/wp-content/uploads/2022/02/dicas-desenvolvimento2-370x270.jpg" class="attachment-flash-grid size-flash-grid wp-post-image" alt="" /></a></figure>		</div>
		<div class="blog-content item">
			<h3 class="entry-title"><a href="https://www.alemdaaltura.com.br/programasomar/dicas/dicas-para-um-desenvolvimento-saudavel/">Dicas para um desenvolvimento saudável</a></h3>
						<div class="entry-summary">
				<p>Ser fisicamente ativo todos os dias é importante para a promoção da saúde integral de crianças e adolescentes. É fundamental [&hellip;]</p>
			</div>
						<div class="read-more-container">
				<div class="read-more">
					<a href="https://www.alemdaaltura.com.br/programasomar/dicas/dicas-para-um-desenvolvimento-saudavel/">continuar a leitura</a>
				</div>
			</div>
					</div>
	</div>
		<div class="tg-blog-widget tg-column-3">
				<div class="post-image ">
			<figure><a href="https://www.alemdaaltura.com.br/programasomar/dicas/dicas-para-uma-alimentacao-saudavel/" title="Dicas para uma alimentação saudável"><img loading="lazy" decoding="async" width="370" height="270" src="https://www.alemdaaltura.com.br/programasomar/wp-content/uploads/2022/01/dica-alimentacao-370x270.jpg" class="attachment-flash-grid size-flash-grid wp-post-image" alt="" /></a></figure>		</div>
		<div class="blog-content item">
			<h3 class="entry-title"><a href="https://www.alemdaaltura.com.br/programasomar/dicas/dicas-para-uma-alimentacao-saudavel/">Dicas para uma alimentação saudável</a></h3>
						<div class="entry-summary">
				<p>O Somar traz dicas para ajudar seu filho a ter uma alimentação mais saudável, fundamental para garantir a saúde e [&hellip;]</p>
			</div>
						<div class="read-more-container">
				<div class="read-more">
					<a href="https://www.alemdaaltura.com.br/programasomar/dicas/dicas-para-uma-alimentacao-saudavel/">continuar a leitura</a>
				</div>
			</div>
					</div>
	</div>
		<div class="tg-blog-widget tg-column-3">
				<div class="post-image ">
			<figure><a href="https://www.alemdaaltura.com.br/programasomar/dicas/dicas-de-atividades-com-as-criancas/" title="Dicas de atividades com as crianças"><img loading="lazy" decoding="async" width="370" height="270" src="https://www.alemdaaltura.com.br/programasomar/wp-content/uploads/2022/01/dica-atividades-370x270.jpg" class="attachment-flash-grid size-flash-grid wp-post-image" alt="" /></a></figure>		</div>
		<div class="blog-content item">
			<h3 class="entry-title"><a href="https://www.alemdaaltura.com.br/programasomar/dicas/dicas-de-atividades-com-as-criancas/">Dicas de atividades com as crianças</a></h3>
						<div class="entry-summary">
				<p>Segundo a OMS (Organização Mundial da Saúde) crianças e adolescentes (5 anos a 17 anos) devem fazer pelo menos 1 [&hellip;]</p>
			</div>
						<div class="read-more-container">
				<div class="read-more">
					<a href="https://www.alemdaaltura.com.br/programasomar/dicas/dicas-de-atividades-com-as-criancas/">continuar a leitura</a>
				</div>
			</div>
					</div>
	</div>
	</div><!-- .blog-wrapper -->

<!-- FIM Layout 1 e 2 - regular -->

</div></div></div></div>

<p>Segundo a OMS (Organização Mundial da Saúde) crianças e adolescentes (5 anos a 17 anos) devem fazer pelo menos 1 [&hellip;]</p>
